 factors of n?
2, 3, 7
Let k(h) = -h**2 - 11*h + 17. Suppose 4*l = 2*l - 24. List the prime factors of k(l).
5
Suppose -s - 2*s = -3*c - 12, 3*c - 8 = -2*s. Let u be (-16)/(-16)*0/(-2) - -216. Suppose 0*n + 4*n - u = c. What are the prime factors of n?
2, 3
Let v be 4 + -168 - 9/(-3). Let c = 304 + v. What are the prime factors of c?
11, 13
Suppose 5*f - 17 = 2*v, 2*f + 4 = 4*f + 2*v. Let h be 46 + 1/(1/f). Suppose w = 5*n + h, 0 = 4*w - n - 4*n - 121. List the prime factors of w.
2, 3
Let r be ((-588)/9)/(-2) - 1/(-3). Let i = r + -24. List the prime factors of i.
3
Let q = -2457 + 6859. What are the prime factors of q?
2, 31, 71
Let x(r) = -r**3 + 2*r**2 + 1. Let v be x(2). Let b be 1*(4 + v + 0). Suppose b*t + 14 = 159. List the prime factors of t.
29
Suppose -576 = -m + 862. List the prime factors of m.
2, 719
Let p(n) = 9*n + 9. Suppose 210 = -0*r + 14*r. What are the prime factors of p(r)?
2, 3
Let g(n) = 5*n**2 - 3*n - 2. Let v be g(-2). Suppose 0 = -5*r - 87 + 182. Let s = r + v. List the prime factors of s.
43
Let d be -154*(0 - -1) + -5. Let j = d - -279. What are the prime factors of j?
2, 3, 5
Let l = 28 + 475. List the prime factors of l.
503
Let v(n) = n**3 + 9*n**2 + 7*n - 6. Let y be v(-8). Suppose 3*m = 15, y*m = -4*c - 2*m + 1160. Suppose 6*j - j - c = 0. List the prime factors of j.
3, 19
Let w(i) = -5*i**3 - 3*i**2 - 3*i - 1. Let p be w(-2). Let r = -14 - p. Let f = r - -80. List the prime factors of f.
3, 11
Suppose 2*j - 1093 = n, 10*j - 2185 = 6*j + 3*n. List the prime factors of j.
547
List the prime factors of 6832/(-3)*279/(-186).
2, 7, 61
Suppose 10*x = 9018 + 5032. List the prime factors of x.
5, 281
Let w(h) = 4*h. Let i be w(1). Suppose -5*q + 0*q = i*r - 154, 0 = 2*r + 8. What are the prime factors of q?
2, 17
Let g = -90 - -90. Suppose 144 = 4*c + 5*a, c + g*c - 3*a - 19 = 0. What are the prime factors of c?
31
Let o(h) = h - 2 - 12 + 20. What are the prime factors of o(6)?
2, 3
Let o(i) = 1099*i**2 - i + 2. List the prime factors of o(1).
2, 5, 11
Suppose 4*t - 8 = -2*d, -t - 6 = -2*d - 3*t. What are the prime factors of ((-62)/5)/(d/(-5))?
31
Suppose 0 = s - 5*s + 3*d + 18, -3*s = 5*d - 28. Suppose b + 135 = s*b. What are the prime factors of b?
3
Suppose 0 = -4*a - 21 + 1. Let c(b) be the third derivative of -b**6/120 - b**5/12 - b**4/6 - b**3/2 - 3*b**2. What are the prime factors of c(a)?
17
What are the prime factors of (-4)/6 - 7444/(-6)?
2, 5, 31
Let t(m) = -m**3 - 11*m**2 + 12*m - 3. Let s(q) = -4*q**2 - 16*q + 7. Let p be s(-5). What are the prime factors of t(p)?
179
Suppose -x - 413 = -3*h, 10*x - 127 = -h + 5*x. Let j be (-6)/27 - h/(-9). Suppose 3*i - j = m, -i - 2*m + 4*m = 0. What are the prime factors of i?
2, 3
Suppose 5*l + 125 = 5*t, -4*l = 3*t - t - 44. List the prime factors of (6/4)/(9/t).
2
Suppose 3*s - 3118 = -3*b + 653, -2*s = -8. What are the prime factors of b?
7, 179
Suppose -3*l + 15 = -6*l, -2*a = l + 9. Let s = 3 - a. What are the prime factors of s?
5
Let l = -365 + 849. List the prime factors of l.
2, 11
Suppose 2*t - 28 = -3*h, 2*h + 3*h - 3*t = 72. Let a = h + -11. Let z(i) = 10*i**3 + 2*i**2 - 2*i + 1. What are the prime factors of z(a)?
11
Let i = 53 + -8. Let k = -37 + i. What are the prime factors of k?
2
Let v(n) = 83*n + 1. Let h be v(1). List the prime factors of h/56*(-1 - 286/(-6)).
2, 5, 7
Suppose -4 = 2*b - 5*u + 18, 32 = -5*b + u. Let s be (3/b)/((-1)/32). Suppose a - 2*w = s, 3*w + 29 = 3*a - a. What are the prime factors of a?
2, 5
Suppose -15*s = -5*s - 13140. What are the prime factors of s?
2, 3, 73
Suppose -5*n = -832 - 1883. What are the prime factors of n?
3, 181
Let x = -1750 + 3006. What are the prime factors of (x/48 + (-2)/12)*4?
2, 13
Let i(j) be the third derivative of j**4/12 + 31*j**3/2 + 6*j**2. What are the prime factors of i(0)?
3, 31
Let f = 30 - 3. Let t(c) = c - 2. Let b be t(4). Suppose -b*n + n = -f. List the prime factors of n.
3
Let f(b) = 4*b**3 - 5*b**2 + 8*b - 8. What are the prime factors of f(5)?
11, 37
Let i = 487 - 311. Suppose -i = -k - 3*k. What are the prime factors of k?
2, 11
Let p(v) = v**2 - v + 79. Let h be p(0). Let r = -34 + h. Let c = r + -10. List the prime factors of c.
5, 7
Let p(i) = 162*i**2 - 3*i - 1. What are the prime factors of p(-2)?
653
Let t be 3 - (-3 + (1 + 0)*-1). Suppose 0 = -i + 2*i + 3. Let v = i + t. What are the prime factors of v?
2
Let o(a) = -3*a**2 - 6*a + 8. Let i be o(-6). Let q be (i/5)/((-2)/(-10)). Let s = q - -89. What are the prime factors of s?
5
Suppose 5*g - h - 122 = 0, 0*g - 4*g - h + 103 = 0. Let q = 30 - g. List the prime factors of q.
5
Suppose 16 = 4*j - 2*f, 0 = 2*j - 2*f - 0*f - 8. Let w(u) = -u**2 + 0*u + u + 3*u**2. What are the prime factors of w(j)?
2, 3
Let h = -112 - -141. Suppose -205 = -5*d - 5*m, -d - 4*m = 2*d - 121. Let a = h + d. What are the prime factors of a?
2, 3
Suppose 18 = 3*d + 6*d. Suppose -10 = -4*z - d. What are the prime factors of z?
2
Let t be -2*1 + (1 - (0 - 3)). What are the prime factors of (-1 + 17 + 0)/(t/10)?
2, 5
Suppose -56*s + 2228 = -55*s. What are the prime factors of s?
2, 557
Let k(n) = -n**2 + 11*n. Suppose -2*u = 5*v, v + 10 + 13 = -5*u. Suppose 0 = t + v*t - i - 19, 0 = t - 4*i + 1. What are the prime factors of k(t)?
2, 7
Let a(u) = -15*u**2 - 14*u + 8. Let j be a(5). Let i = 652 + j. List the prime factors of i.
5, 43
Suppose 0 = -3*n - 16 + 4. List the prime factors of -4 + (36 - 4) + n.
2, 3
Let w be 6/4 + (-3)/2. Suppose -9*o = -w*o - 756. What are the prime factors of o?
2, 3, 7
Suppose -575 + 145 = -2*o. What are the prime factors of o?
5, 43
Suppose 69*v - 28*v = 107871. What are the prime factors of v?
3, 877
Suppose -5*y = 2*f - 226, -5*f + 113 = 4*y - 486. What are the prime factors of f?
3, 41
Let w = -30 - -34. Suppose -3*r + 191 = m, -188 = -3*r + w*m - 8*m. List the prime factors of r.
2
Let l = 382 + -123. What are the prime factors of l?
7, 37
What are the prime factors of 2/(-13) + 1171191/559 - 7?
2, 3, 29
List the prime factors of ((-1)/(-10) - 1846/260) + 715.
2, 3, 59
Suppose 2*b - 4*c - 30 + 0 = 0, 0 = -2*b + 2*c + 26. Suppose -4*g + 81 = -b. List the prime factors of g.
23
Suppose 7*a = 5*h + 3*a - 24694, 14806 = 3*h - 5*a. What are the prime factors of h?
2, 7, 353
Let c(s) = s**3 - 5*s**2 + 5*s + 1. Let l be c(4). Let u be 0 + (-9)/(1 + -4). Suppose u*z + z - 14 = -3*x, l*x + z = 12. What are the prime factors of x?
2
Let b be (-1281)/(-33) - (-8)/44. Suppose 0 = 5*u - b - 41. Let g = -12 + u. What are the prime factors of g?
2
Suppose 0 = 3*s - 12*a + 10*a - 4415, 0 = 4*s - a - 5885. List the prime factors of s.
1471
Let n = -24 + 37. Suppose -u + 104 = -n. List the prime factors of u.
3, 13
Let q(i) = -260*i + 60. List the prime factors of q(-3).
2, 3, 5, 7
Let t = 791 - 261. List the prime factors of t.
2, 5, 53
Let r be (-1 - -580)/((-3)/(-2)). Let q = r + -213. What are the prime factors of q?
173
Let x = 43 - -228. What are the prime factors of x?
271
Suppose y = -0 + 1, -5*o - 5*y + 1450 = 0. Suppose -4*z - 3*m + 2*m + 1142 = 0, z = -2*m + o. What are the prime factors of z?
3, 5, 19
Let g = -158 + 329. Suppose -2*h = -6, -h - g = -3*w + h. List the prime factors of w.
59
Let y(l) = 799*l**2 - 51*l - 107. What are the prime factors of y(-2)?
3191
What are the prime factors of (18/12)/(-3)*(-20408)/4?
2551
Suppose -1625 = 22*m - 4881. What are the prime factors of m?
2, 37
Let r be ((-3)/4)/(9/36). Let w be (-6)/9 - 87/(-9). What are the prime factors of (-40)/r - (-6)/w?
2, 7
Suppose 3*n + 4928 = m, -57*n + 52*n - 20 = 0. What are the prime factors of m?
2, 1229
Let m be (4/3)/(4/36). Let f be ((-6)/(-3) - m)/(-1). Let c = f + -6. What are the prime factors of c?
2
Let n(f) = 5*f**2 + 4*f - 7. List the prime factors of n(11).
2, 3, 107
Let a(y) = y**3 - 12*y**2 + 20*y + 9. Let m be a(10). Suppose m*r = 5*r - 4. What are the prime factors of 16 + 35 + -2 + r?
2, 3
Let h(w) = 4*w - 9. Let v be h(3). Suppose -d - 179 = -b - v*d, b = 5*d + 186. What are the prime factors of b?
181
Let q be -14 + 18 - (-1 - 0). Let d = q - 2. Suppose -l = -k - 44, 4*l + 8*k = d*k + 140. What are the prime factors of l?
2, 5
Let q be (0*1/2)/(-3). Suppose q = -4*d - d + 110. What are the prime factors of d/4 + 8/(-16)?
5
S